ulate a(-9).
23
Let o(a) = -5*a**2 - 37*a - 8. Determine o(-7).
6
Let v(a) = 7*a**3 + 50*a**2 + 6*a - 1. Calculate v(-7).
6
Let c(x) = -x**3 + 3*x**2 + 5. What is c(4)?
-11
Let m(i) = -2*i**2 - 41*i - 9. What is m(-20)?
11
Let z(u) = 9*u**2. Determine z(-1).
9
Let n(h) = -h**3 + 7*h**2 - 9*h + 20. Determine n(6).
2
Let o(z) = z**2 - z + 13. Give o(4).
25
Let r(l) = 31*l**2 - 2*l + 1. Give r(1).
30
Let f(d) = -7*d - 42. Determine f(-3).
-21
Let d(k) = -k**2 + k - 20. Give d(0).
-20
Let d(m) = 3*m**2 - 4*m - 3. Determine d(-1).
4
Let c(l) = -l**3 + 16*l**2 + 5*l + 9. What is c(16)?
89
Let v(m) = m**3 + 12*m + 5. Give v(-3).
-58
Let k(q) = -q - 44. What is k(13)?
-57
Let u(n) = -n**2 - 12*n + 1. Give u(-12).
1
Let u(s) = -s - 41. Give u(0).
-41
Let u(j) = 15*j + 119. What is u(-8)?
-1
Let n(g) = -39*g + 115. What is n(3)?
-2
Let x(b) = 13*b + 500. Calculate x(-38).
6
Let s(c) = c**2 - 6*c + 12. Give s(5).
7
Let k(x) = x + 21. What is k(-11)?
10
Let x(k) = -k**2 - 3*k + 6. What is x(-4)?
2
Let h(k) = k**2 + 25*k - 56. Calculate h(-27).
-2
Let a(b) = b**3 + 28*b**2 - 33*b - 114. Determine a(-29).
2
Let k(u) = -u**2 - 7*u - 6. Calculate k(0).
-6
Let n(w) = w**3 + 21*w**2 + 25*w + 93. Calculate n(-20).
-7
Let o(z) = 4*z + 77. Determine o(-18).
5
Let y(o) = -o**3 - 13*o**2 - 23*o - 9. What is y(-11)?
2
Let n(m) = -2*m**2 + 4*m + 28. Determine n(-4).
-20
Let a(q) = -2*q**3 - 9*q**2 - 14*q - 8. What is a(-5)?
87
Let u(g) = -g**2 + 5*g - 4. What is u(4)?
0
Let n(c) = c**3 - 2*c**2 + c + 5. What is n(3)?
17
Let b(r) = r**3 - 16*r**2 + 30*r - 19. What is b(14)?
9
Let x(p) = p**2 + 6*p - 1. What is x(-6)?
-1
Let z(m) = m**2 + 4*m + 4. Calculate z(-5).
9
Let y(k) = -k**3 + 7*k**2 - 9*k - 3. What is y(5)?
2
Let o(l) = l + 20. Calculate o(-6).
14
Let s(c) = -c**2 + 409. Give s(20).
9
Let t(s) = 32*s - 299. Determine t(9).
-11
Let x(w) = -10*w**3 + w**2 - 6*w - 7. Give x(-2).
89
Let k(i) = -2*i**2 - 21*i + 54. Give k(-14).
-44
Let y(q) = q**3 - 2*q**2 + 3. Determine y(3).
12
Let y(b) = 2*b**2 - 6*b. What is y(4)?
8
Let h(i) = -5*i - 99. What is h(-27)?
36
Let p(f) = -f**3 + 22*f**2 - 113*f + 10. What is p(14)?
-4
Let x(k) = k**2 - 7. Calculate x(-5).
18
Let w(g) = g**2 - 17*g + 70. What is w(6)?
4
Let h(y) = 2*y**2 + 9*y - 5. Calculate h(-7).
30
Let k(a) = a**3 - 9*a**2 + 12*a - 103. What is k(9)?
5
Let c(m) = m**2 - 16*m - 41. Give c(18).
-5
Let d(n) = -n + 29. Calculate d(-4).
33
Let s(j) = -15*j - 1. What is s(-1)?
14
Let z(y) = 28*y - 8. Give z(2).
48
Let q(p) = -p**2 + 2*p + 24. What is q(-7)?
-39
Let l(j) = -5*j**2 + 2*j - 2. Give l(-4).
-90
Let t(m) = m**3 + m**2 - m - 1. Calculate t(-2).
-3
Let u(x) = x**3 + 8*x**2 - 13*x + 2. Give u(-9).
38
Let n(i) = -i**3 + 4*i**2 + 8. Determine n(0).
8
Let a(w) = -4*w**3 + 3*w**2 + 3*w + 3. Calculate a(-2).
41
Let j(p) = -16*p - 2. Give j(-2).
30
Let c(b) = -b**3 + 5*b**2 - 6. Give c(4).
10
Let d(h) = h**3 - 5*h**2 - 2*h - 7. Calculate d(5).
-17
Let m(x) = -88*x + 9. Determine m(-1).
97
Let n(d) = d**3 + 5*d**2 + 4*d + 4. Determine n(-4).
4
Let y(o) = -17*o - 143. Determine y(-8).
-7
Let r(o) = 11*o - 5. Give r(1).
6
Let v(f) = 3*f - 1. Calculate v(-1).
-4
Let w(g) = g - 39. Calculate w(13).
-26
Let m(r) = -26*r - 3. Give m(-1).
23
Let x(t) = t**3 - 10*t**2 + 8*t + 7. What is x(9)?
-2
Let s(r) = -7*r**2 - 86*r - 6. What is s(-12)?
18
Let r(k) = k**3 + 2*k**2 + k + 2. Give r(-3).
-10
Let b(u) = u**2 - 16*u + 15. Give b(14).
-13
Let r(v) = -18*v**2 + 2*v - 2. Give r(1).
-18
Let d(z) = -z**3 + 13*z**2 - 2*z + 1. Calculate d(13).
-25
Let k(t) = -t**2 + 14*t - 61. What is k(11)?
-28
Let v(x) = 2*x**2 - 42*x - 5. Give v(21).
-5
Let n(j) = -j**2 + 14*j - 36. Calculate n(7).
13
Let j(f) = -13*f - 218. Give j(-18).
16
Let w(k) = k**3 - 15*k**2 + 52*k - 18. Determine w(10).
2
Let y(z) = -2*z**3 + 6*z**2 + 7*z - 25. What is y(3)?
-4
Let v(g) = 18*g + 11. What is v(0)?
11
Let c(i) = i**3 + 5*i**2 + 6*i + 5. Calculate c(-4).
-3
Let f(q) = -3*q**2 - 11*q + 7. Calculate f(-5).
-13
Let n(w) = -w**2 + 5*w + 2. Calculate n(4).
6
Let g(p) = -3*p - 10. What is g(4)?
-22
Let a(f) = -f**3 - 28*f**2 + 33*f - 22. Give a(-29).
-138
Let i(v) = v**3 - 9*v**2 + 13*v - 17. Determine i(8).
23
Let u(t) = t**2 - 2*t + 43. Calculate u(0).
43
Let b(r) = -r**3 - 5*r**2 - 2*r - 5. Determine b(-5).
5
Let j(b) = b**2 - 16*b - 27. Determine j(18).
9
Let g(p) = -3*p - 5. Determine g(6).
-23
Let r(h) = h**3 - 34*h**2 + 65*h + 35. What is r(32)?
67
Let d(r) = -r**3 - 8*r**2 + 11*r + 38. Determine d(-9).
20
Let q(t) = -4*t**3 - 3*t**2 - 3*t - 2. Calculate q(-2).
24
Let a(d) = -d**2 - 6*d + 60. Calculate a(-11).
5
Let l(n) = -n**2 + 2*n + 31. Give l(0).
31
Let a(f) = 2*f**3 - 12*f**2 + f - 70. Calculate a(7).
35
Let y(i) = -2*i - 5. What is y(-7)?
9
Let g(c) = c**2 + 8*c + 3. Calculate g(-9).
12
Let x(r) = -10*r + 31. Calculate x(3).
1
Let v(i) = -6*i**2 + 36*i + 10. Give v(6).
10
Let a(m) = -10*m**2 - 5*m + 3. Calculate a(3).
-102
Let z(i) = -i**3 + i**2 - 4. Give z(2).
-8
Let s(c) = 9*c - 1. Determine s(0).
-1
Let u(k) = k**3 + 6*k**2 + 2. Give u(-6).
2
Let j(p) = -3*p**2 + 18*p - 2. Give j(8).
-50
Let f(k) = 4*k**2 - 18*k + 9. Give f(4).
1
Let h(t) = 11*t**2 - 130*t - 1. Calculate h(12).
23
Let a(k) = k**3 - 5*k**2 - 4*k - 9. Give a(7).
61
Let h(y) = y**2 - 1. Determine h(2).
3
Let g(p) = 13*p**2 - 156*p + 2. Determine g(12).
2
Let q(g) = -g**2 + 7*g - 39. What is q(8)?
-47
Let a(w) = 4*w. Determine a(6).
24
Let x(a) = 4*a**2. What is x(1)?
4
Let b(n) = 9*n + 8. Give b(5).
53
Let q(t) = 2*t**2 + 10*t + 7. Determine q(-4).
-1
Let z(j) = -j**2 - 3*j - 5. Calculate z(4).
-33
Let w(d) = d**3 + 11*d**2 - 11*d - 7. What is w(-12)?
-19
Let q(g) = -g**3 + 10*g**2 - 10*g - 4. What is q(8)?
44
Let b(n) = -n**3 - 3*n**2 + 2*n - 5. Give b(-4).
3
Let c(u) = -u**3 - 7*u**2 + 7*u + 80. Calculate c(-5).
-5
Let t(b) = 9*b**2 - 3*b - 4. What is t(3)?
68
Let i(v) = v + 1. Give i(15).
16
Let x(n) = n**3 + 12*n**2 + 8*n - 46. What is x(-9)?
125
Let x(o) = -o**2 - 6*o - 12. Give x(-10).
-52
Let g(p) = 2*p**2 + 25*p - 55. Determine g(-14).
-13
Let f(x) = x**3 + 10*x**2 + 4*x + 35. What is f(-10)?
-5
Let i(s) = s**2 + 6*s + 11. Give i(-5).
6
Let p(f) = f**3 - 11*f**2 - 13*f - 3. Give p(12).
-15
Let x(s) = -36*s + 144. Calculate x(4).
0
Let x(m) = -m**2 + 15*m + 15. Calculate x(10).
65
Let w(g) = -8*g**3 - 2*g**2 + 2*g. Give w(2).
-68
Let g(a) = 39*a + 104. Give g(-3).
-13
Let o(y) = -17*y + 119. Calculate o(8).
-17
Let k(i) = i**2 - i - 85. Calculate k(0).
-85
Let f(g) = 4*g - 8. Give f(6).
16
Let v(s) = 3*s + 20. Give v(-10).
-10
Let i(x) = x**2 - x - 15. Calculate i(4).
-3
Let f(p) = p**3 + 13*p**2 - 3*p - 31. Give f(-13).
8
Let r(p) = 7*p - 1. Calculate r(-1).
-8
Let s(l) = l**3 - 8*l**2 + 11. What is s(7)?
-38
Let r(o) = -12*o + 18. Give r(8).
-78
Let l(i) = i**3 - 2*i**2 + i - 5. Determine l(5).
75
Let y(w) = 32*w + 186. Determine y(-6).
-6
Let g(d) = -d**2 - 5*d - 10. What is g(-5)?
-10
Let r(n) = n**3 + 11*n**2 + 17*n + 23. What is r(-10)?
-47
Let h(c) = c**2 + 10*c + 12. Determine h(-7).
-9
Let v(g) = -17*g + 83. Give v(5).
-2
Let n(u) = u**3 + u**2 + 2*u + 2. Determine n(-3).
-22
Let t(o) = 43*o**3 + o**2 + 2*o - 3. Calculate t(1).
43
Let d(f) = -f**2 + 11*f - 1. Give d(11).
-1
Let f(r) = -r**3 + 7*r**2 - 20. Give f(6).
16
Let y(l) = 6*l - 51. What is y(12)?
21
Let u(p) = -p - 5. Calculate u(5).
-10
Let o(f) = -f**2 - 4*f - 4. What is o(-3)?
-1
Let v(c) = -c**3 - 8*c**2 + c + 39. Give v(-8).
31
Let f(r) = -r**3 + 8*r**2 + 8*r - 2. What is f(9)?
-11
Let w(h) = 59*h - 2. What is w(-3)?
-179
Let t(p) = 12*p + 191. What is t(-15)?
11
Let w(j) = j**3 + 5*j**2 + j - 3. What is w(-5)?
-8
Let l(t) = t**2 + 29*t + 211. Calculate l(-16).
3
Let n(w) = -w**3 - 37*w**2 + 35*w - 46. Give n(-38).
68
Let c(x) = -12*x + 56. Determine c(4).
8
Let q(t) = -22*t**2 - t. Determine q(1).
-23
Let y(i) = 3*i**2 + 15*i + 9. Calculate y(-4).
-3
Let k(r) = r**3 - 7*r**2 - 4*r + 9. Give k(7).
-19
Let k(b) = b**2 + 3*b - 1. Calculate k(3).
17
Let x(t) = t**2 - 2*t - 15. Calculate x(6).
9
Let s(q) = q**2 - 3*q - 4. Calculate s(6).
14
Let u(p) = -27*p**3 - 2*p**2 + 1. Give u(1).
-28
Let o(t) = -3*t**2 - 2*t. Determine o(3).
-33
Let j(w) = 2*w - 26. Determine j(11).
-4
Let p(q) = 7*q - 12. Calculat